 what is 10011011110 + 1000111101100?
1011011001010
In base 16, what is 17e6e3c - -1?
17e6e3d
In base 9, what is -17 + -666424?
-666442
In base 15, what is a - -50a86c?
50a877
In base 12, what is -a + 7ab47?
7ab39
In base 4, what is 201332213311 - -11?
201332213322
In base 2, what is 1000000001100011111110 + -10110101?
1000000001100001001001
In base 12, what is 156629 + -118?
156511
In base 12, what is 6a94899 + -1?
6a94898
In base 2, what is 101110001110000010000110011 - -100?
101110001110000010000110111
In base 2, what is -111000 + -1010001010100010011?
-1010001010101001011
In base 5, what is -44403 + 1301102?
1201144
In base 11, what is -3420 + 9380?
5a60
In base 9, what is 25 + -13531744?
-13531718
In base 8, what is 137074024 - -2?
137074026
In base 4, what is 32032 + 100112201?
100210233
In base 13, what is ca4c8 - -262?
ca75a
In base 12, what is 1040 + 10a0a?
11a4a
In base 11, what is -19a08 + 1464?
-18554
In base 12, what is 21 + -119aa2?
-119a81
In base 16, what is -2 - 908b0a9?
-908b0ab
In base 5, what is -4120424 + -200?
-4121124
In base 9, what is 824203 + 2050?
826253
In base 12, what is 4a551 + 73?
4a604
In base 11, what is 184 - 154391?
-154208
In base 14, what is -ad83 + -276?
-b219
In base 7, what is 161112255 + -103?
161112152
In base 12, what is -945 - 65a5?
-732a
In base 12, what is 192680 + 0?
192680
In base 9, what is -385 - 224846?
-225342
In base 16, what is -29d20 - 12?
-29d32
In base 2, what is 1011100010101101000101110 + -11?
1011100010101101000101011
In base 13, what is -1b5 + 418c2?
4170a
In base 16, what is 1 + 4e6a17?
4e6a18
In base 15, what is 244 - -2542e5?
254539
In base 15, what is -833225 + 5?
-833220
In base 11, what is 36 - 1470530?
-14704a5
In base 3, what is 100011020 - 1222210221?
-1122122201
In base 3, what is -12 - -21011112221?
21011112202
In base 9, what is -35 + -1050288?
-1050334
In base 7, what is -102630 - -240?
-102360
In base 12, what is 6a - 166b91?
-166b23
In base 13, what is 1197005 + -5?
1197000
In base 15, what is -a17b3c + 12?
-a17b2a
In base 2, what is -101100101101 - -10001000?
-101010100101
In base 4, what is 11021223 - -32331?
11120220
In base 3, what is -101101010202202210 - -2?
-101101010202202201
In base 13, what is 5c50 + 13c?
608c
In base 10, what is 245302877 - 3?
245302874
In base 9, what is 5427 + 6367?
12805
In base 13, what is 3054 - -3373?
63c7
In base 10, what is -5342 - -2928?
-2414
In base 14, what is 0 - 643c0?
-643c0
In base 10, what is -526 + -2267?
-2793
In base 16, what is -31c04f3 - 4?
-31c04f7
In base 12, what is -2 + -27b717b8?
-27b717ba
In base 9, what is -22784 + -55?
-22850
In base 10, what is -19 + -420873?
-420892
In base 5, what is -103302444 - 10?
-103303004
In base 4, what is -313013101 + 1202010?
-311211031
In base 12, what is 16284 - 2874?
13610
In base 16, what is -fb8 + -30b?
-12c3
In base 12, what is 1 + -5a16649?
-5a16648
In base 15, what is 585 - -1626d?
16803
In base 3, what is -212011101012 - 10021?
-212011111110
In base 16, what is 876391 + -a?
876387
In base 9, what is 6056466 + 8?
6056475
In base 13, what is bcc0 + -20?
bca0
In base 8, what is -3 + -23512713?
-23512716
In base 10, what is 18568 - 1064?
17504
In base 2, what is -101101100001111110111101100 - -100?
-101101100001111110111101000
In base 7, what is 521542 + 1214?
523056
In base 10, what is -98736413 - 5?
-98736418
In base 5, what is 14112134314 - 21?
14112134243
In base 15, what is -e772 + 1bb?
-e5a6
In base 13, what is -3a8520 + 136?
-3a83b7
In base 11, what is 50511 - 2?
5050a
In base 2, what is 110100010010011110 + -101001?
110100010001110101
In base 7, what is -3 - 150465342?
-150465345
In base 6, what is -11312 - 413540?
-425252
In base 5, what is -1223421 + 1011204?
-212212
In base 8, what is -153 + -14120235?
-14120410
In base 2, what is 101101100001111 + 10?
101101100010001
In base 16, what is 54e67 + -6?
54e61
In base 5, what is 11 - -111213114124?
111213114140
In base 16, what is 3 - 2bf1a42?
-2bf1a3f
In base 12, what is 4a300 - -a6?
4a3a6
In base 12, what is -478498a - 11?
-478499b
In base 2, what is -1111110 + -11011101111110111000?
-11011110000000110110
In base 13, what is 107 - 411b2?
-410a8
In base 5, what is 1 + 133224024111?
133224024112
In base 14, what is 5a1022 - 7?
5a1019
In base 10, what is -985464 - 4?
-985468
In base 10, what is -100874 - -34?
-100840
In base 9, what is 37263382 + -26?
37263355
In base 9, what is -860582 - 0?
-860582
In base 16, what is -1f + -4ce2d3?
-4ce2f2
In base 6, what is -2342242 - -5021?
-2333221
In base 4, what is -110230002332 + -13?
-110230003011
In base 11, what is 119a + -2478?
-1289
In base 13, what is 17 - 121902?
-1218b8
In base 11, what is 1 - 73245a61?
-73245a60
In base 13, what is -307743 - -8c?
-307684
In base 15, what is -64 - 22ac9?
-22b3d
In base 4, what is -1 - -101321132330?
101321132323
In base 15, what is 63b1a5 + 7c?
63b232
In base 9, what is 7 + -56504327?
-56504320
In base 5, what is 112131142411 - -1?
112131142412
In base 5, what is -104401 + -213304?
-323210
In base 4, what is -3313221010130 - 10?
-3313221010200
In base 6, what is 1132 - -15121144?
15122320
In base 9, what is 862 + 66303?
67265
In base 11, what is -a26863855 - 1?
-a26863856
In base 11, what is -12768 - -157?
-12611
In base 11, what is -13618173 - -5?
-13618169
In base 14, what is 4 - -3cdc7c9?
3cdc7cd
In base 12, what is -228341934 + 1?
-228341933
In base 3, what is -10001 + -122220112?
-200000120
In base 14, what is -1dd419 - -3?
-1dd416
In base 15, what is 277b38 + 1?
277b39
In base 3, what is -110010 + -111202021?
-112012101
In base 16, what is -2 + -1e0448?
-1e044a
In base 13, what is -1abaa7 + -155?
-1abc2c
In base 11, what is 88a77 - 47?
88a30
In base 4, what is -11313 + 101100?
23121
In base 13, what is 460 - -13ab4?
14244
In base 8, what is -765 + 220425?
217440
In base 9, what is -1 + 4757763?
4757762
In base 11, what is -663302 - -5?
-6632a8
In base 7, what is 35505 - 106131?
-40323
In base 8, what is -2127 + -1373633?
-1375762
In base 13, what is -1 + -2a18556?
-2a18557
In base 8, what is 5 - 25017212?
-25017205
In base 2, what is 100011001100010001011 + 111001?
100011001100011000100
In base 11, what is -154780 + 19?
-154762
In base 3, what is -2 - 11212122012211?
-11212122012220
In base 2, what is -100010110111101011001010 - 10?
-100010110111101011001100
In base 14, what is -12 - 671cc8?
-671cda
In base 13, what is 367484 + -7?
36747a
In base 14, what is -1cb + 5052?
4c65
In base 14, what is -113d6b + -18?
-113d85
In base 4, what is 2031133330 + 132?
2031200122
In base 14, what is 5b + -2617bd?
-261762
In base 15, what is 12c4db - 0?
12c4db
In base 9, what is -5 + -36017881?
-36017886
In base 6, what is -102031 + -2204?
-104235
In base 8, what is -4 - -12060172?
12060166
In base 8, what is -4304422 + 24?
-4304376
In base 3, what is 10101201120211 - -1022?
10101201122010
In base 12, what is -11 + -15393b?
-153950
In base 8, what is -165177235 - -4?
-165177231
In base 11, what is -3a1411 - -8?
-3a1404
In base 4, what is 11 + 10233201101?
10233201112
In base 7, what is -112204645 - -2?
-112204643
In base 9, what is -651 - 366085?
-366746
In base 6, what is -2 - 4241430?
-4241432
In base 8, what is 2555 - -20555?
23332
In base 16, what is -2c3 - -45d9?
4316
In base 3, what is -22001 + -121000221101?
-121001020102
In base 13, what is -273323361 - -1?
-273323360
In base 12, what is 260583 - 2?
260581
In base 7, what is 5543633432 - 0?
5543633432
In base 12, what is -5849b0a2 + 1?
-5849b0a1
In base 7, what is 4 - -242643115?
242643122
In base 13, what is 1aa468a1 + -4?
1aa4689a
In base 9, what is -706 + 13736?
13030
In base 3, what is -200200 - 211010011?
-211210211
In base 9, what is 10 + 7121315?
7121325
In base 13, what is -5b - 503aa?
-50438
In base 10, what is -2 - 43908385?
-43908387
In base 11, what is 5 + -3aa448a8?
-3aa448a3
In base 8, what is 115736 - 1034?
114702
In base 9, what is 6255 + -845?
5310
In base 16, what is 4b4a52 + 59?
4b4aab
In base 12, what is -a666 - 11a?
-a784
In base 16, what is -2054b503 + 4?
-2054b4ff
In base 12, what is -39 + 201b10?
201a93
In base 9, what is 137 + -15330?
-15182
In base 10, what is -961 - 3314?
-4275
In base 12, what is 66b637a + -7?
66b6373
In base 6, what is -140214 - -53112?
-4310